012101112 + -2?
22012101110
In base 7, what is -14216 + 620?
-13266
In base 11, what is 44 + -7?
38
In base 4, what is -11 - 12021213?
-12021230
In base 12, what is 0 + 30071?
30071
In base 6, what is -21202 - 20?
-21222
In base 16, what is -219 - -153?
-c6
In base 7, what is -1413 - 2563?
-4306
In base 6, what is -2334 - 143?
-2521
In base 15, what is 6e - -201?
270
In base 7, what is 245 - 53211?
-52633
In base 6, what is 33 + 144231?
144304
In base 15, what is a8bb - 4?
a8b7
In base 16, what is 1 + 180a68?
180a69
In base 16, what is 21 - -1bf?
1e0
In base 6, what is 113141 + 20?
113201
In base 10, what is 2 + -12234?
-12232
In base 7, what is 103226 - -326?
103555
In base 13, what is -4 - 1175b?
-11762
In base 6, what is -33255 - -12105?
-21150
In base 2, what is 1000010000111100100 + 101?
1000010000111101001
In base 16, what is 2 - -3b8?
3ba
In base 8, what is -5 - 505765?
-505772
In base 13, what is -65 - 351?
-3b6
In base 14, what is 4b + 5d43?
5d90
In base 6, what is 14300 + -54?
14202
In base 12, what is 232a6 + 25?
2330b
In base 12, what is -3 + -145217?
-14521a
In base 9, what is 238821 + -3?
238817
In base 4, what is -233 + 130020?
123121
In base 15, what is 1 + 146b5?
146b6
In base 16, what is -bcb9 + -4?
-bcbd
In base 4, what is -1222021 + -11?
-1222032
In base 5, what is -31042 + -1212?
-32304
In base 4, what is 23213213 - 1013?
23212200
In base 3, what is -220201122 + -11?
-220201210
In base 10, what is -43 - 621?
-664
In base 9, what is -2660287 - -4?
-2660283
In base 15, what is 68c4 + -8?
68bb
In base 2, what is 101 - -1010111110101100?
1010111110110001
In base 8, what is -10240521 - -4?
-10240515
In base 5, what is -1 + -12003444?
-12004000
In base 9, what is 140 + 1060?
1210
In base 3, what is -11 + 1122011120?
1122011102
In base 13, what is -1082 + 151?
-c31
In base 7, what is -1633 - 26?
-1662
In base 10, what is -6 - -376205?
376199
In base 10, what is 4700288 + -3?
4700285
In base 12, what is -2478 + 491?
-1ba7
In base 5, what is -122424411 - 10?
-122424421
In base 3, what is -220122 - -12211012?
11220120
In base 11, what is 2216258 - 5?
2216253
In base 11, what is -5950 + -3?
-5953
In base 15, what is -c9b + 629?
-672
In base 14, what is -157 + d3?
-64
In base 2, what is 1011101011110100100110 - 100?
1011101011110100100010
In base 16, what is -25 - -11ab?
1186
In base 11, what is -3 - -60409?
60406
In base 2, what is 100010111100110 - 100?
100010111100010
In base 4, what is 111223212323 - -2?
111223212331
In base 15, what is -26 - 197?
-1bd
In base 14, what is -5 + -2c95b8?
-2c95bd
In base 13, what is 123 - 101a?
-bc7
In base 4, what is -122 + -3300313?
-3301101
In base 7, what is 52 - 3511?
-3426
In base 8, what is -47300 - -32?
-47246
In base 3, what is 2021210120 + -11?
2021210102
In base 16, what is -186 - f7?
-27d
In base 3, what is 212000 + -10?
211220
In base 6, what is 4 + 1145410?
1145414
In base 15, what is -c77 - 31?
-ca8
In base 7, what is 1062 - 1020?
42
In base 5, what is 10404123 - -33?
10404211
In base 5, what is -3 + -1343222?
-1343230
In base 3, what is 10 - 100202010?
-100202000
In base 9, what is -1655 + 83?
-1562
In base 7, what is -5616615 - -4?
-5616611
In base 11, what is 1 - 847a?
-8479
In base 9, what is 122360 + 0?
122360
In base 2, what is -100111110010011110 - -11?
-100111110010011011
In base 10, what is 17 - 24468?
-24451
In base 13, what is aa - 1803?
-1726
In base 7, what is 1062 - -51?
1143
In base 14, what is -4 - 71120?
-71124
In base 9, what is -6 - -21475?
21468
In base 5, what is 4 - -104123?
104132
In base 15, what is -4 - -1d4a?
1d46
In base 4, what is 113320 + -1313?
112001
In base 14, what is -2 + -751d?
-7521
In base 7, what is 1311 + 525?
2136
In base 6, what is 11 + 12540?
12551
In base 2, what is -10110011001111001110 + 1010?
-10110011001111000100
In base 3, what is -200100221102 + 10?
-200100221022
In base 11, what is 814 - -405?
1119
In base 9, what is 0 + 74707?
74707
In base 6, what is -443220 - 1?
-443221
In base 6, what is -220334 - 234?
-221012
In base 16, what is 4 - a19?
-a15
In base 2, what is -110101101 + -100100?
-111010001
In base 6, what is -3 - -4521210?
4521203
In base 2, what is 1110 - 11111101111110?
-11111101110000
In base 8, what is -450 - 105?
-555
In base 9, what is -24656432 + -1?
-24656433
In base 3, what is -10 - 1212001211?
-1212001221
In base 3, what is -22211 - -1011?
-21200
In base 6, what is -11342 - 13051?
-24433
In base 6, what is 1514 - 45140?
-43222
In base 9, what is 30084 + 4?
30088
In base 16, what is -255e8 + -4?
-255ec
In base 9, what is 1241 - 456?
674
In base 11, what is 11950 + 14?
11964
In base 7, what is 6241 - -1601?
11142
In base 12, what is -8 - 4155?
-4161
In base 16, what is -9df + -5b?
-a3a
In base 2, what is 1001110 + -1010100101?
-1001010111
In base 16, what is 13a + -2ac4?
-298a
In base 8, what is 105660 + 3?
105663
In base 8, what is 5 - -13660?
13665
In base 2, what is -101 + -10001100010100?
-10001100011001
In base 7, what is -3154 + -11?
-3165
In base 10, what is -3043 + 21?
-3022
In base 4, what is 31131233 + 133?
31132032
In base 6, what is 25250 + 45?
25335
In base 13, what is -56 + 1?
-55
In base 5, what is 2241 + 22?
2313
In base 11, what is 227 + 8a1?
1018
In base 3, what is 121 + 11001110?
11002001
In base 4, what is 1301 + -11101?
-3200
In base 12, what is -1 - 57a803?
-57a804
In base 5, what is -230112 + 11?
-230101
In base 12, what is 0 + 3400?
3400
In base 8, what is 2516 + -102?
2414
In base 6, what is 11 + 30541?
30552
In base 6, what is 2201 + 3315?
5520
In base 14, what is -1712 - 38?
-174a
In base 13, what is -1 - -35531?
35530
In base 14, what is -a + -6279?
-6285
In base 3, what is 2 - 211010000002?
-211010000000
In base 11, what is -5 - -314?
30a
In base 3, what is -122201112212 + -1?
-122201112220
In base 16, what is -2 + 184c7?
184c5
In base 9, what is -2 + 21706?
21704
In base 5, what is 3144044 - -4?
3144103
In base 7, what is 2 + -163236?
-163234
In base 11, what is -11 + -926aa?
-92710
In base 6, what is -241315 + 2?
-241313
In base 16, what is -168e0 + 42?
-1689e
In base 5, what is -20041 + 43?
-14443
In base 14, what is -3 - -7d0?
7cb
In base 7, what is -11430 + 1355?
-10042
In base 4, what is 3 + 2332103?
2332112
In base 5, what is 31 - -120443?
121024
In base 7, what is -2424 - 15?
-2442
In base 14, what is 16b8 + 3b9?
1a93
In base 7, what is -3 - -1105422?
1105416
In base 11, what is -4 + -66100?
-66104
In base 2, what is -11010101111000 - -101?
-11010101110011
In base 9, what is 3 + 125?
128
In base 16, what is -29 - -ae2f?
ae06
In base 8, what is 4 + 453421?
453425
In base 7, what is -56525 - -61?
-56434
In base 15, what is c43 + -a?
c38
In base 10, what is 0 + -23571?
-23571
In base 6, what is -1 + 35021?
35020
In base 8, what is -56 + -1611?
-1667
In base 8, what is 3 + 230665?
230670
In base 10, what is 4 + 11852?
11856
In base 7, what is -4 + 23405?
23401
In base 12, what is -7 + 20762?
20757
In base 16, what is -a - -2c2e3?
2c2d9
In base 12, what is a2 - -264a?
2730
In base 8, what is 1255614 + 2?
1255616
In base 15, what is -2c - -a9c?
a70
In base 8, what is 7710723 + -1?
7710722
In base 5, what is 121 - -2400143?
2400314
In base 15, what is 23 - a6?
-83
In base 4, what is 1033 + -33223?
-32130
In base 10, what is 8766 + 47?
8813
In base 11, what is -3 - 1408?
-1410
In base 13, what is -7 - 78a0?
-78a7
In base 7, what is 2035414 + 0?
2035414
In base 4, what is -31022001302 - -3?
-31022001233
In base 9, what is -8 + -250136?
-250145
In base 14, what is -24 - 239bb?
-23a01
In base 10, what is 252 - -1985?
2237
In base 5, what is 13031434 - -3?
13031442
In base 15, what is -3 + -44189?
-4418c
In base 3, what is -212112002 + 0?
-212112002
In base 12, what is 19 + 1a50?
1a69
In base 5, what is -10 + 24304?
24244
In base 11, what is -2 + 40337?
40335
In base 4, what is 231032 + -2320?
222112
In base 13, what is 202 - -53?
255
In base 12, what is -1 - 3817?
-3818
In base 4, what is -11220112 + 0?
-11220112
In base 5, what is -2112000 + -23?
-2112023
In base 9, what is 25 + 142?
167
In base 12, what is 1b6 + 563?
759
In base 13, what is 4a + -409a?
-4050
In base 3, what is -10220201121 + 12?
-10220201102
In base 7, what is -62433 - 6?
-62442
In base 14, what is -3 - 283acc?
-283ad1
I